True
Is 8803 a composite number?
False
Is 190223 prime?
False
Is 12443 a composite number?
True
Is 59435 a prime number?
False
Is 50191 a prime number?
False
Is 15527 composite?
False
Is 1361 composite?
False
Is 66739 a composite number?
False
Is 37931 composite?
True
Is 68221 a prime number?
False
Is 117163 a composite number?
False
Is 86453 prime?
True
Is 112543 a composite number?
False
Is 149 a composite number?
False
Is 576013 composite?
False
Is 829469 composite?
False
Is 16713821 prime?
True
Is 2129 a composite number?
False
Is 9647 composite?
True
Is 15853 composite?
True
Is 2911043 a composite number?
False
Is 52157 composite?
True
Is 342851 a prime number?
False
Is 554467 prime?
True
Is 56251 a composite number?
True
Is 68063 composite?
True
Is 95477 composite?
True
Is 391 composite?
True
Is 161869 a composite number?
False
Is 175477 a prime number?
False
Is 1651 composite?
True
Is 372927 a composite number?
True
Is 3079 composite?
False
Is 10399 composite?
False
Is 16597 composite?
True
Is 10481 a composite number?
True
Is 80849 a prime number?
True
Is 368171 composite?
False
Is 358467 a prime number?
False
Is 76645 composite?
True
Is 309769 composite?
False
Is 2599 prime?
False
Is 26591 a prime number?
True
Is 25163 prime?
True
Is 1632221 prime?
False
Is 2281 a prime number?
True
Is 47893 prime?
False
Is 3503 a prime number?
False
Is 31567 a prime number?
True
Is 97046 a prime number?
False
Is 100658 composite?
True
Is 24571 a prime number?
True
Is 82807 prime?
False
Is 109801 composite?
True
Is 709649 a composite number?
False
Is 5357 prime?
False
Is 599803 composite?
False
Is 1864481 a composite number?
True
Is 54533 a prime number?
False
Is 1957157 a composite number?
False
Is 241543 a composite number?
False
Is 66239 a composite number?
False
Is 20173 a composite number?
False
Is 2327 a composite number?
True
Is 48239 a prime number?
True
Is 2935 composite?
True
Is 14281 composite?
False
Is 1415 a prime number?
False
Is 255499 a composite number?
False
Is 211 composite?
False
Is 12451 a prime number?
True
Is 9917 a composite number?
True
Is 44221 a prime number?
True
Is 2231 composite?
True
Is 52159 a prime number?
False
Is 38543 a prime number?
True
Is 1337 a prime number?
False
Is 43853 a prime number?
True
Is 1681 a composite number?
True
Is 13229 a composite number?
False
Is 83983 a prime number?
True
Is 16613 prime?
False
Is 2777 a prime number?
True
Is 6001 a prime number?
False
Is 3047 a prime number?
False
Is 211333 prime?
True
Is 77669 a prime number?
False
Is 32197 a composite number?
True
Is 186845 a prime number?
False
Is 86287 a composite number?
False
Is 1384129 a composite number?
True
Is 317767 a prime number?
False
Is 7753 composite?
False
Is 36545 composite?
True
Is 76478 a composite number?
True
Is 214309 prime?
True
Is 117982 prime?
False
Is 5911 prime?
False
Is 13643 composite?
True
Is 17291 prime?
True
Is 427369 composite?
False
Is 44207 prime?
True
Is 61327 prime?
False
Is 36661 a prime number?
False
Is 183955 a prime number?
False
Is 96709 composite?
True
Is 37747 a composite number?
False
Is 41771 a prime number?
True
Is 81633 composite?
True
Is 2258615 a prime number?
False
Is 272461 composite?
True
Is 2093617 a prime number?
True
Is 12679 prime?
False
Is 18331 a prime number?
False
Is 1559 a composite number?
False
Is 159 composite?
True
Is 697 composite?
True
Is 4783 composite?
False
Is 43313 a prime number?
True
Is 70823 a prime number?
True
Is 25057 composite?
False
Is 1351949 a composite number?
False
Is 33191 a prime number?
True
Is 840065 prime?
False
Is 8923 composite?
False
Is 378491 a composite number?
True
Is 56299 prime?
True
Is 38797 a composite number?
True
Is 3449 composite?
False
Is 900563 composite?
False
Is 11677 prime?
True
Is 257903 composite?
False
Is 32141 a prime number?
True
Is 320581 a composite number?
True
Is 15349 a prime number?
True
Is 13901 composite?
False
Is 6053 composite?
False
Is 99741 prime?
False
Is 175519 prime?
True
Is 271967 composite?
False
Is 83015 a composite number?
True
Is 39709 a prime number?
True
Is 48907 a prime number?
True
Is 275783 composite?
False
Is 12931 composite?
True
Is 114407 a prime number?
True
Is 359 a composite number?
False
Is 299039 a prime number?
False
Is 3809 composite?
True
Is 251885 a prime number?
False
Is 336373 a composite number?
False
Is 450451 composite?
False
Is 404471 composite?
True
Is 31357 composite?
False
Is 211 prime?
True
Is 13523 a prime number?
True
Is 32713 prime?
True
Is 108839 a composite number?
True
Is 33457 a prime number?
True
Is 1315211 a prime number?
True
Is 993 composite?
True
Is 26045 a composite number?
True
Is 98207 a composite number?
False
Is 186947 a prime number?
True
Is 323027 a prime number?
True
Is 13211 a prime number?
False
Is 43661 composite?
False
Is 13306 prime?
False
Is 232049 a composite number?
False
Is 3336451 a prime number?
True
Is 125863 a prime number?
True
Is 5039 a composite number?
False
Is 220009 prime?
True
Is 52333 prime?
False
Is 261805 a composite number?
True
Is 419455 prime?
False
Is 13997 a composite number?
False
Is 43223 a prime number?
True
Is 38267 a prime number?
False
Is 40787 composite?
False
Is 11558 a composite number?
True
Is 20973 a composite number?
True
Is 769765 composite?
True
Is 52037 a composite number?
True
Is 1783 composite?
False
Is 27941 a prime number?
True
Is 133283 a composite number?
False
Is 135959 composite?
True
Is 2174462 a composite number?
True
Is 562334 a composite number?
True
Is 670279 a composite number?
False
Is 419 composite?
False
Is 1447909 a prime number?
False
Is 23953 prime?
False
Is 391213 prime?
False
Is 201611 a composite number?
False
Is 557 a composite number?
False
Is 578971 composite?
False
Is 1537 prime?
False
Is 85379 composite?
True
Is 4561 prime?
True
Is 436547 prime?
True
Is 15071 a prime number?
False
Is 5737 a composite number?
False
Is 26869 a prime number?
False
Is 186211 a prime number?
True
Is 549811 prime?
False
Is 430985 a prime number?
False
Is 378019 prime?
True
Is 10195 a prime number?
False
Is 4717 a prime number?
False
Is 8999 composite?
False
Is 53183 a composite number?
True
Is 2395103 prime?
True
Is 1213 composite?
False
Is 1211381 a prime number?
True
Is 199721 a prime number?
True
Is 1860071 a prime number?
True
Is 119077 composite?
True
Is 23755 composite?
True
Is 342535 prime?
False
Is 5381 a composite number?
False
Is 126839 composite?
False
Is 81143 a composite number?
True
Is 223703 prime?
False
Is 1901 a composite number?
False
Is 20467 a composite number?
True
Is 134581 a prime number?
True
Is 8347 composite?
True
Is 34031 composite?
False
Is 15578 a prime number?
False
Is 67955 prime?
False
Is 1127863 a prime number?
False
Is 13211 a composite number?
True
Is 41867 a prime number?
False
Is 1604635 a composite number?
True
Is 5179 a prime number?
True
Is 107197 a composite number?
False
Is 2230067 a prime number?
False
Is 102155 composite?
True
Is 6559 a prime number?
False
Is 19681 prime?
True
Is 157349 a prime number?
True
Is 128489 composite?
False
Is 218987 composite?
False
Is 2153 prime?
True
Is 365137 prime?
True
Is 226991 a composite number?
False
Is 54599 composite?
True
Is 233407 composite?
False
Is 129887 a prime number?
True
Is 6779 a composite number?
False
Is 82381 a composite number?
True
Is 241331 prime?
False
Is 3191 composite?
False
Is 1647599 a composite number?
False
Is 476803 composite?
False
Is 449 a composite number?
False
Is 480277 a prime number?
False
Is 38431 a prime number?
True
Is 112099 a composite number?
True
Is 206767 a prime number?
False
Is 111697 a prime number?
True
Is 27831 a composite number?
True
Is 3946 a prime number?
False
Is 89773 a prime number?
False
Is 215 prime?
False
Is 1633 a composite number?
True
Is 154409 a composite number?
False
Is 45233 composite?
False
Is 17597 a composite number?
False
Is 355307 a composite number?
False
Is 7501 a composite number?
True
Is 667 a prime number?
False
Is 154555 composite?
True
Is 53969 composite?
True
Is 9977 prime?
False
Is 499 composite?
False
Is 13831 composite?
False
Is 30679 a prime number?
False
Is 841 prime?
False
Is 350261 prime?
False
Is 55922 a composite number?
True
Is 11269 a prime number?
Fa